o**2 + 8*o + 3 - o**3 + 64*o**2 - p*o. What is z(-5)?
23
Let s(n) be the first derivative of -n**4/2 + n**3 + 43. Let k(z) = -z**2 - 17*z + 40. Let q be k(-19). Calculate s(q).
-4
Let n(j) be the third derivative of 5/6*j**3 + 5/24*j**4 + 0 + 2*j + 1/60*j**5 - 46*j**2. What is n(-2)?
-1
Let j(a) = 4*a**2 - 8*a + 6. Let r(o) = 11*o**2 - 24*o + 16. Let n(f) = 8*j(f) - 3*r(f). Let s = -21 + 21. Suppose -7*q + s*q = -56. Calculate n(q).
0
Suppose -2819 = -11*q - 2731. Let h(i) = -2*i**2 + 17*i + 17. Calculate h(q).
25
Let a(o) = o**2 + 6984 - 3493 - 3495. Give a(0).
-4
Let d(l) be the first derivative of -1/2*l**2 + 2/3*l**3 - 29*l - 1/12*l**4 + 29. Let k(x) be the first derivative of d(x). Calculate k(3).
2
Let x(v) be the third derivative of v**5/60 - v**4/4 + 4*v**3/3 + v**2. Let m be (1365/4095)/(1/15). What is x(m)?
3
Let g(b) = -b**2. Let u(x) = 5*x**2 - 3*x - 3. Let t(s) = -4*g(s) - u(s). Let a be (-19)/(-19) - -3*1 - 6. Calculate t(a).
-7
Let f(i) = 671*i - 10744. Let a be f(16). Let w(y) be the third derivative of y**4/12 + 19*y**3/6 - y**2. Give w(a).
3
Let n(h) = 416*h + 19. Let u(f) = -40*f - 2. Let s(x) = 2*n(x) + 21*u(x). What is s(3)?
-28
Let n = 313 + -310. Suppose 0 = -12*f + n*f + 99. Let l(t) = t**3 - 10*t**2 - 11*t - 4. Determine l(f).
-4
Suppose -5*d + 3*o = -24, -42*d + 46*d - o = 15. Let f(c) = c**2 + 5*c - 5. Let v(i) = -i**2 - i + 1. Let b(m) = -f(m) - 2*v(m). What is b(d)?
3
Suppose 4*s + 6 = a - 2*a, -3*s = 3*a. Let y(q) = q**3 - 3*q**2 - 4*q - 4. Let t(p) = -2*p**3 + 7*p**2 + 10*p + 9. Let m(k) = 2*t(k) + 5*y(k). Calculate m(a).
2
Let a(w) be the third derivative of 0*w - 1/8*w**4 + 1/60*w**5 + 5*w**2 + 1/6*w**3 + 0. Let y be (-6)/(-3 + -3) + (4 - 1). Calculate a(y).
5
Let h(j) be the third derivative of -j**5/60 - j**4/24 + 8*j**3/3 - 14*j**2 + 3*j + 5. Give h(7).
-40
Let h(z) = 2*z**2 + 5*z - 154. Let o be (516/688)/((-6)/80). Determine h(o).
-4
Let f(k) = -k**2 + 9*k + 72. Let y(m) = -7*m + 688. Let j be y(99). Calculate f(j).
2
Let y(d) = -d**2 + 7*d + 9. Suppose v = -3*f + 34, 19*v + 10 = 17*v. Give y(f).
-69
Suppose 153 = 5*g + 4*n, -18 = 8*g - 9*g - 5*n. Suppose -3*p + 30 = g. Let h(w) = 12*w**3 + w. Calculate h(p).
-13
Let k(x) be the second derivative of -x**3/3 - 3*x**2/2 - 85*x - 8. Determine k(-24).
45
Let o(u) = -3*u**3 - 29*u**2 + 16*u + 64. Let w(b) = -8*b**3 - 58*b**2 + 27*b + 128. Let h(m) = 5*o(m) - 2*w(m). Give h(28).
8
Let t(j) = -3*j**2 - 4*j - 11. Let p(g) = 2*g**2 + 10. Let x(c) = -4*p(c) - 3*t(c). Give x(-11).
-18
Let h(f) = -f**3 - 5*f**2 + 6*f + 6. Suppose -2*d + 0*l = -4*l - 680, -3*d - l + 999 = 0. Let a be 11/44 - d/(-8). Suppose -8*i + i - a = 0. Determine h(i).
6
Let z = -45 - -48. Let t be z*((-2)/(-2))/1. Let k(w) = 26 + 3*w + t*w + w**2 - 19. Determine k(-7).
14
Let d(f) = 3827 - 3788 + 42*f - 39*f. Give d(-27).
-42
Let c(j) = -j**3 + 24*j**2 + 2*j - 33. Let v be c(24). Let k(u) = -u**2 + 13*u + 34. Let f be k(v). Let t(a) = 1 + 5*a + f*a + 2*a - 7*a. Calculate t(1).
5
Let l(j) = -7 + 5*j**2 - 2*j - 3 - 7 + 16. Let a = 1 - -17. Let s = 17 - a. Determine l(s).
6
Let z(l) = -2*l + 15. Suppose k - 3*s = 0, 5*s + 15 + 5 = 5*k. Let x be z(k). Let p(d) = -33*d + 61*d - 26*d + x. Determine p(-4).
-5
Let w(o) = 7*o + 77. Let k be w(-13). Let u be (0*2/k)/(-4). Let x(s) = s - 37. Give x(u).
-37
Suppose 25*i - 27*i = 2*c - 18, -i - 5*c = -37. Let z(r) be the first derivative of -21 + 6*r - 1/3*r**3 - 5*r**i. Give z(-8).
22
Let y(x) = -x + 11. Let i(o) be the third derivative of -o**3/6 + 29*o**2. Let v(q) = -22*i(q) - 2*y(q). Let a(w) = w - 20. Let l be a(15). What is v(l)?
-10
Suppose 24*d - 600 = 23*d + 51*d. Let g(f) = 4*f + 43. What is g(d)?
-5
Let s(f) = -f**2 - f - 1. Let k(l) = -4*l**2 - 19*l - 13. Let c(p) = k(p) - 5*s(p). Let a be c(15). Let g(z) = 3 - 8*z + a + 1 + z**2 - 13. Calculate g(9).
7
Let w(a) = 75 - 83 - 36*a + 22*a + 81 + 116. Calculate w(14).
-7
Let l be 66/(-14) - 6/21. Let j(p) = -3 + 684382*p**2 - 4*p - 684381*p**2 + 3*p. What is j(l)?
27
Let a(d) = -d**2 + 133*d + 2893. Let m be a(-19). Let r(o) = -o**3 + 6*o**2 - 10*o - 1. Give r(m).
-26
Let g(c) = c + 3. Let l(h) = -2*h - 8. Let y(x) = -12*g(x) - 5*l(x). Suppose -7*f - 69 = -10*f. Let a = 19 - f. Determine y(a).
12
Let g(z) be the second derivative of z**4/3 - 97*z**3/6 + 13*z**2 - 2161*z. What is g(24)?
2
Let s(l) = 13*l**3 - 25*l**2 - 60*l + 18. Let h(a) = -67*a**3 + 128*a**2 + 300*a - 92. Let m(r) = -6*h(r) - 31*s(r). Determine m(12).
-6
Let z(y) = y**2 + 3*y - 9. Let l(t) = -31*t + 771. Let r be l(25). Give z(r).
-5
Let z(s) be the first derivative of -s**4 + 2*s**3/3 + 5*s**2 + 4*s - 4708. Calculate z(-2).
24
Let x = 7429/5 + -22277/15. Let a(w) be the first derivative of 1 + x*w**3 + w**2 - w. Determine a(1).
3
Let o be 12 + (2 - 4) + 3. Suppose -6*v = 7 - o. Let r be 1*(-25)/5 + v. Let d(p) = p**2 + 3*p - 1. What is d(r)?
3
Let i(s) be the first derivative of -8*s**3/3 + s**2/2 + s + 661. Give i(-2).
-33
Let c = 2964 - 2956. Let x(y) = -y**2 + 10*y - 8. Determine x(c).
8
Let c(a) = 6*a**2 + 62*a + 18. Let f(j) = -6*j + 410. Let i be f(70). Calculate c(i).
-2
Let k(a) = 2*a**2 + 4*a + 1. Let g be k(10). Suppose 6*j + 79 = g. Suppose -j*t + 5 = -26*t. Let z(p) = -p - 2. Determine z(t).
-7
Let r(d) = -7*d**3 - 2*d**2 - 5*d - 4. Let q be 0 + 18/(-2) - (24 - (4 - -27)). What is r(q)?
54
Let c = -7073 + 7064. Let r(g) = g - 2 + 1 - g**3 - g**2 - 8*g**2 - 1. What is r(c)?
-11
Suppose 2*u = -1005 + 995, -i + 3 = 4*u. Let x(m) = 2*m**3 - 43*m**2 - 69*m - 8. Determine x(i).
-8
Let o(w) be the first derivative of 1/24*w**4 + 0*w**3 + 25 + 9/2*w**2 + 0*w + 7/60*w**5. Let c(x) be the second derivative of o(x). Determine c(1).
8
Let y be (-3)/36*-12 + 3. Let v(w) = -4*w - 5. What is v(y)?
-21
Let b(s) = -s**2 + 12*s + 5. Let p be (-6 - (-1 - -1))/(455/(-910)). Calculate b(p).
5
Let z(b) = -5*b + 77. Let k be z(15). Let y(q) = q + 11 - 6 + 9*q + k*q**2 + 2. Determine y(-6).
19
Let m(d) = -d**3 + d**2 - d - 6. Let g(h) = 3*h - 24. Let j(c) = -c**2 + 17*c - 22. Let v be j(15). Let r be g(v). What is m(r)?
-6
Let u(c) = c - 7*c**2 - 2*c - 9 - 17*c**3 + 18*c**3. Let i be 7/(1 + (-3 - -3)). What is u(i)?
-16
Suppose 281 = -142*c + 707. Let q(o) be the third derivative of -3*o**2 - 1/24*o**4 + 0 + 0*o + o**3. What is q(c)?
3
Let c = -16 - -26. Let j(w) = -9*w - 44722*w**2 + 22356*w**2 + 22367*w**2. What is j(c)?
10
Let k(c) = -3*c**2 + 110*c - 220. Let x be k(2). Let m(i) = -i**3 - 11*i**2 + 8*i - 50. Give m(x).
-2
Let z(a) = -a - 6. Let b(y) = 3*y + 2. Let w(j) = -2*b(j) - 3*z(j). What is w(5)?
-1
Let v(m) = -19*m + 25. Suppose q = -7*t + 12*t - 12, -4*q - 16 = -4*t. Give v(t).
-13
Suppose -5 + 5 = -127*g - 44*g. Let w(p) be the second derivative of g - 1/3*p**3 - 11*p + 3/2*p**2. Determine w(2).
-1
Suppose u - 2*d - 1 = -10, 0 = -u - 5*d + 26. Suppose 2 + u = -4*b + 5*p, -4*p = -2*b. Let n(y) = y - 2. Calculate n(b).
-4
Let b(r) = r**2 + 9*r - 218. Let a be b(-20). Let p(z) = -20*z + 13. Give p(a).
-27
Let l(p) = 3*p - 9. Let w be (-1 - -2) + 3 + -1. Suppose a = 3*h - 18, -w*h = -4*h + 2*a + 6. Determine l(h).
9
Let i(c) = -13*c**2 + 60*c + 256. Let h(y) = -8*y**2 + 40*y + 170. Let j(u) = -8*h(u) + 5*i(u). Calculate j(-14).
4
Let h(p) be the first derivative of p**2/2 + p + 2. Suppose 263 = -5*y - 3*r - 17, 3*r = -2*y - 121. Let u = 46 + y. Give h(u).
-6
Let i(o) = 3*o - 14. Let s(b) = b - 7. Let t(v) = -2*i(v) + 5*s(v). Let w = 623 - 405. Let d = w - 225. What is t(d)?
0
Let k(s) = 5*s + 58. Suppose -9917 = -12*x - 10061. Calculate k(x).
-2
Let a(y) = 37*y - 122. Let u(v) = 77*v - 249. Let r(d) = -13*a(d) + 6*u(d). Determine r(5).
-3
Suppose 8*f = 4*f + 36. Let r(z) = z**2 - 6*z + 5. Let o be r(f). Let g = 36 - o. Let h(u) = u**2 - 4*u. Determine h(g).
0
Let d(z) be the second derivative of -14/3*z**3 - 4/3*z**4 - 1/20*z**5 - 5/2*z**2 - 15*z + 0. Let o be d(-14). Let s(q) = q**3 + 5*q**2 + 7. Calculate s(o).
7
Let a = 38412 - 38411. Let q(c) = -17*c**2 + 4 - 4 + 2 - 3 + c. Determine q(a).
-17
Let m(b) = b**2 + 11*b + 6. Let o = 3822 + -3828. Calculate m(o).
-24
Let v(w) = 16*w - 39*w + 45 + 19*w. Let i be v(11). Let n(o) = -i + 0*o + 2 + 2*o - 2. Calculate n(2).
3
Let b(z) = z**2 - 7*z - 3. Let i = 12245 + -12250. Give b(i).